of i and 14?
2
Suppose -5*g = -113 + 13. What is the highest common divisor of 40 and g?
20
Let u be ((-46)/(-4))/((-2)/(-4)). Let j = -11 + u. What is the highest common factor of j and 18?
6
Let f(t) be the first derivative of 2*t**3 - t**2/2 - 2. Let y(n) = -n + 13. Let g be y(12). Let a be f(g). Calculate the greatest common divisor of a and 40.
5
Let i(x) = 2*x**2 - x + 2. Let v be i(-6). Suppose 10 = 4*n - 30. What is the greatest common factor of n and v?
10
Let s = 14 + -9. Suppose -h - 4*h + 55 = 0. Suppose -h = -s*m + 14. What is the highest common divisor of 5 and m?
5
Let t(q) = 3*q**2 - 6*q + 2. Let f be t(2). What is the highest common factor of f and 18?
2
Let g(q) = 4*q**2 - 4*q + 3. Let j be g(2). What is the greatest common divisor of j and 33?
11
Let f be 180/(-2)*20/(-12). Calculate the highest common factor of f and 60.
30
Suppose -3*x + 14 = s, -s + 6*s = 3*x + 34. Let n = s - 3. What is the highest common factor of 15 and n?
5
Suppose -l - 3*l = -8, -l = -5*x + 73. What is the greatest common factor of x and 6?
3
Suppose 11 = -5*q + 191. Calculate the highest common divisor of q and 12.
12
Let x be 5 + 54/(4 - -2). Calculate the greatest common divisor of x and 77.
7
Let n = -5 + 7. Let t be n/(-6) - 385/(-21). What is the greatest common divisor of t and 27?
9
Let r be (4 + 0 - -4) + 4. What is the greatest common factor of r and 12?
12
Suppose 8 = -4*n + 8*n. What is the highest common divisor of 14 and n?
2
Suppose 0 = -3*t + 5*y - 0*y + 419, -5*y = -t + 133. Let k be -3*(-1 + 0 + 0). Suppose k*p + p = 52. What is the greatest common divisor of p and t?
13
Let f(k) = 539*k**2 - 33. Let o(w) = 83*w**2 - 5. Let c(n) = -5*f(n) + 33*o(n). Let z be c(2). Calculate the greatest common factor of z and 16.
16
Suppose -l - 3*h = -h - 40, -5*l - 2*h + 200 = 0. Let j = l + -20. What is the greatest common factor of j and 8?
4
Let c(s) = s + 27. Let h be c(-16). Let g(x) = -x**3 + 4*x**2 + 2*x - 2. Let o be g(-3). Calculate the highest common divisor of h and o.
11
Suppose 3*z - 8 = 2*p + 28, -z + 3*p + 19 = 0. Suppose -4*i = -8, d - i + 0 = -1. Let o be -4 + d + 51 + 2. Calculate the highest common factor of o and z.
10
Suppose 2*h + 2*y = -y + 13, 4*h + 5*y - 23 = 0. Suppose h*v - 4*j = 48, -15 = -5*v - 3*j + 40. Calculate the greatest common factor of 28 and v.
14
Let f(y) = -y + 12. Let w be f(-14). What is the greatest common divisor of w and 39?
13
Let h(b) = b**3 - 3*b**2 + 6*b - 8. Let y be h(6). Calculate the highest common divisor of y and 17.
17
Let x = 22 + -11. Suppose -99 = 3*q + d + 2*d, 2 = d. Let r = 86 - q. Calculate the highest common factor of x and r.
11
Let q = -63 + 81. Calculate the greatest common factor of q and 126.
18
Let m be (25/15)/((-10)/(-24)). What is the greatest common factor of m and 108?
4
Let x(a) = -3*a - 8. Let i be x(5). Let u be (-5)/5 - (-3 + i). Calculate the greatest common factor of u and 50.
25
Let c = 93 + -60. Suppose -5*j = -4*v + 83, 2*v - 5*j - 4 - 35 = 0. Calculate the highest common divisor of c and v.
11
Suppose 2 = 4*l - 26. Suppose 7 = z - 3*b - l, -8 = -z - 3*b. What is the highest common factor of z and 44?
11
Let n(r) = r + 2. Let p be n(5). Suppose 6*k = 2*k + 28. Calculate the greatest common divisor of k and p.
7
Let w = -3 - 21. Let r = -76 + 110. Let u = w + r. What is the greatest common divisor of 90 and u?
10
Suppose 63 = 5*a - 17. Calculate the greatest common factor of a and 2.
2
Suppose 0 = 2*u - v + 2*v - 10, -20 = -3*u - 4*v. Suppose u*c - 72 = 2*c. What is the highest common factor of 12 and c?
12
Let d = 6 + -8. Let z = -2 - d. Let l = z + 1. Calculate the greatest common factor of 8 and l.
1
Suppose 0 = -2*o + 5*a - 6, 0 = 4*o + o - 4*a - 2. Suppose -3*i = -o*i. Let h be (-1)/(-2)*(66 - i). Calculate the greatest common divisor of 22 and h.
11
Let p = -2 + 4. Suppose c + y = -0*y + 21, -p*y + 22 = c. Calculate the highest common factor of 8 and c.
4
Suppose 0*w - 117 = -w. What is the greatest common factor of 13 and w?
13
Let f(g) = -3 + 10 + 5 + 0 - 16*g - g**2. Let k be f(-16). What is the greatest common factor of k and 30?
6
Let f(c) be the third derivative of -c**5/60 - c**4/3 - 3*c**3/2 + c**2. Let x be f(-6). Calculate the greatest common factor of 3 and x.
3
Let j(i) be the second derivative of -125*i**3/6 - i**2 + 3*i. Let p be j(-2). Let o = p + -123. What is the greatest common factor of 50 and o?
25
Let w be 4/14 + (-1464)/(-21). Suppose -2*t - 2*v = -6, 7 = 4*t - t + v. Suppose -t*u = 3*u - 50. Calculate the highest common factor of w and u.
10
Let y = 0 + 16. Let d = -10 - -34. Calculate the highest common divisor of y and d.
8
Let x(p) = 4*p**3 - 2*p**2. Let i be x(2). Suppose -27 = -4*s + b, -5*s - 4*b = -2*b - i. What is the highest common divisor of s and 9?
3
Let z(i) = i + 4. Let r(b) = 2*b - 3. Let l be r(5). Let m be z(l). Suppose -4*x + 49 = -h, 4*h + 4 = -x + h. Calculate the highest common factor of x and m.
11
Let w(a) = 7*a - 3. Let i be w(9). Suppose 0 = -3*z + 2*m + i, 0*z - 82 = -4*z + 2*m. Calculate the greatest common factor of 88 and z.
22
Let l = 31 + -15. Calculate the highest common divisor of 16 and l.
16
Suppose -30 = -2*t + 5*r, 0 = -3*r + 2*r. Let u be (5/(-2))/((-1)/6). What is the highest common divisor of t and u?
15
Let u be ((-55)/(-33))/((-2)/(-12)). Calculate the highest common divisor of u and 90.
10
Suppose -32 = 6*j - 8*j. Calculate the greatest common divisor of 48 and j.
16
Let m be 3/(-2)*(-146)/3. Suppose 0 = -5*w + m - 18. Suppose 4*t - 44 = -2*l, -2*t = 4*l + 3 - 25. What is the highest common factor of t and w?
11
Let p = 13 + -7. Let y(i) be the third derivative of -i**6/120 + i**5/10 - i**4/12 + i**2. Let v be y(4). What is the greatest common factor of p and v?
6
Suppose -3*w = -w - 20. Suppose -j = j - w. Calculate the highest common factor of j and 10.
5
Let t be (-135)/6*32/(-10). Let q(u) = 2*u**2 - 7*u + 4. Let d be q(4). Calculate the highest common divisor of t and d.
8
Let g = -14 + 23. Suppose 0 = 2*k + 3*k + 2*f - 356, 5*k - 370 = 5*f. What is the greatest common factor of k and g?
9
Let c(x) = 12*x. Let s be c(-1). Let a = 31 + s. What is the highest common factor of 76 and a?
19
Suppose 3*i + 6 = 0, -21 = 4*w - 9*w - 2*i. Suppose -5*p = s - 105, 0 = s + w*p - p - 102. What is the highest common factor of 10 and s?
10
Suppose -2*q + 0*d = -2*d + 4, 2 = 2*d. Let j be q/3 + (-414)/(-27). Calculate the greatest common factor of j and 30.
15
Suppose -7*p + 65 = -82. What is the highest common factor of 3 and p?
3
Let m(l) = -l**3 + 5*l**2 + 15*l - 1. Let w be m(7). What is the highest common divisor of 6 and w?
6
Suppose 0 = -v + 6 + 9. Let c = -2 - -5. Calculate the greatest common factor of c and v.
3
Suppose -3*y + u + 14 = 2*u, -3*y + 3*u = -18. What is the highest common divisor of y and 35?
5
Suppose 237 = 5*g - 283. Suppose -g = -i - 14. What is the highest common factor of 18 and i?
18
Let d be (-350)/20*8/(-10). What is the highest common factor of 14 and d?
14
Let i = 194 - 117. What is the highest common divisor of 7 and i?
7
Let i be 149/(2 - 3)*-1. Suppose -5*g + i = 39. What is the greatest common divisor of g and 198?
22
Let u(z) = -14*z - 9. Let y be u(-6). Let o = y + -43. Let p be (-6)/9 + o/3. Calculate the highest common divisor of 20 and p.
10
Let k(p) = p**2 - 4*p + 18. Let d be k(4). Calculate the highest common factor of 144 and d.
18
Suppose 0 = 4*t, 3*t - 7 = -w + 3. Let m = -4 + -3. Let o be (120/(-42))/(2/m). What is the greatest common divisor of w and o?
10
Let n be 0/2 + -2 - -16. Let r = -61 - -75. Calculate the greatest common divisor of n and r.
14
Let j be (4 + -2)*(-1 - (-10)/5). What is the greatest common factor of 8 and j?
2
Let a be -10*2*3/(-12). What is the highest common divisor of a and 20?
5
Suppose -5*g - 110 = -0*g + 4*t, 0 = -3*g + 2*t - 66. Suppose p + 14 = -0*p. Let b = p - g. Calculate the greatest common factor of b and 64.
8
Let j(c) = -c**3 - 12*c**2 + 13*c - 1. Let v be j(-13). Let f be (5 - 10)/(v/7). What is the highest common factor of f and 5?
5
Let i(f) = -f**3 - 5*f**2 + 5*f + 3. Let x be i(-6). Suppose 0 = -6*o + x*o - 72. What is the greatest common factor of 24 and o?
24
Let n(w) = -8*w + 2*w**2 + 2*w**2 + 7 + 0*w**2 - 